and 180.
45
Calculate the highest common divisor of 610 and 427.
61
What is the highest common factor of 207 and 540?
9
Calculate the greatest common factor of 7189 and 28.
7
What is the highest common factor of 387 and 2279?
43
Calculate the greatest common divisor of 2013 and 66.
33
Calculate the highest common factor of 20 and 4425.
5
Calculate the greatest common factor of 100 and 550.
50
What is the greatest common divisor of 38759 and 226?
113
What is the highest common divisor of 444 and 1320?
12
Calculate the greatest common divisor of 188 and 8.
4
What is the greatest common factor of 21 and 14?
7
Calculate the greatest common divisor of 101 and 1616.
101
Calculate the greatest common divisor of 7887 and 132.
33
What is the greatest common factor of 20 and 3860?
20
Calculate the greatest common factor of 33 and 759.
33
Calculate the greatest common divisor of 51396 and 12.
12
What is the highest common divisor of 6 and 174?
6
What is the highest common divisor of 45074 and 31?
31
Calculate the greatest common factor of 102 and 204.
102
Calculate the highest common factor of 12492 and 36.
36
Calculate the highest common factor of 16179 and 3.
3
Calculate the highest common factor of 28 and 32.
4
What is the highest common factor of 506 and 69?
23
Calculate the greatest common factor of 3587 and 1055.
211
Calculate the greatest common divisor of 79 and 869.
79
What is the greatest common factor of 60 and 1485?
15
What is the greatest common divisor of 70 and 3514?
14
Calculate the greatest common factor of 38 and 9595.
19
What is the highest common factor of 559 and 91?
13
Calculate the highest common factor of 338 and 2.
2
What is the highest common factor of 6804 and 162?
162
What is the highest common divisor of 13208 and 104?
104
Calculate the greatest common factor of 33 and 18.
3
Calculate the highest common divisor of 28 and 7.
7
Calculate the highest common divisor of 70 and 1020.
10
What is the greatest common factor of 410 and 20?
10
What is the highest common factor of 222 and 12?
6
Calculate the greatest common factor of 228 and 722.
38
Calculate the greatest common divisor of 38 and 2318.
38
Calculate the highest common factor of 33 and 44.
11
Calculate the highest common factor of 4 and 100.
4
What is the highest common divisor of 100 and 225?
25
Calculate the highest common factor of 32 and 352.
32
What is the highest common factor of 24 and 546?
6
Calculate the highest common factor of 15 and 195.
15
Calculate the highest common divisor of 284 and 88.
4
Calculate the greatest common factor of 6352 and 16.
16
Calculate the greatest common divisor of 36 and 24.
12
What is the greatest common divisor of 9563 and 146?
73
What is the highest common factor of 140 and 14210?
70
What is the greatest common factor of 58 and 4582?
58
Calculate the greatest common divisor of 7551 and 27.
9
Calculate the highest common divisor of 64232 and 259.
259
Calculate the greatest common factor of 1184 and 352.
32
What is the greatest common divisor of 14259 and 49?
49
Calculate the highest common factor of 50 and 280.
10
What is the highest common divisor of 22 and 286?
22
Calculate the greatest common factor of 31 and 155.
31
What is the greatest common factor of 300 and 960?
60
Calculate the highest common divisor of 566 and 2.
2
What is the highest common divisor of 1422 and 198?
18
What is the highest common divisor of 306 and 68?
34
What is the highest common divisor of 724 and 4?
4
Calculate the greatest common divisor of 14003 and 38.
19
Calculate the greatest common divisor of 2875 and 1750.
125
What is the greatest common divisor of 876 and 60?
12
Calculate the highest common factor of 12 and 28.
4
What is the highest common divisor of 18 and 27?
9
Calculate the highest common factor of 72 and 22.
2
What is the highest common factor of 2080 and 2808?
104
Calculate the highest common divisor of 22 and 165.
11
What is the highest common factor of 132 and 3949?
11
What is the highest common divisor of 1120 and 1280?
160
Calculate the greatest common factor of 124 and 53692.
124
Calculate the highest common divisor of 51 and 1054.
17
Calculate the highest common divisor of 756 and 28.
28
Calculate the greatest common divisor of 408 and 24.
24
What is the greatest common factor of 54 and 70740?
54
Calculate the greatest common factor of 801 and 8366.
89
What is the greatest common divisor of 85 and 2176?
17
What is the greatest common divisor of 77 and 7?
7
What is the highest common divisor of 1219 and 901?
53
What is the highest common divisor of 946 and 33?
11
What is the highest common divisor of 309 and 515?
103
Calculate the highest common factor of 786 and 42.
6
Calculate the greatest common factor of 518 and 222.
74
What is the greatest common factor of 406 and 238?
14
What is the greatest common factor of 32 and 42352?
16
What is the highest common factor of 230 and 120?
10
Calculate the greatest common factor of 2720 and 32.
32
Calculate the highest common factor of 72 and 7320.
24
Calculate the highest common divisor of 38643 and 11.
11
What is the greatest common divisor of 33 and 4191?
33
What is the highest common factor of 147 and 37779?
147
What is the greatest common factor of 544 and 72?
8
Calculate the highest common factor of 27 and 1431.
27
What is the greatest common factor of 1537 and 116?
29
What is the greatest common factor of 961 and 248?
31
Calculate the greatest common factor of 3 and 193.
1
What is the greatest common factor of 1425 and 1653?
57
What is the greatest common factor of 42 and 16030?
14
What is the highest common factor of 34 and 11254?
34
What is the highest common divisor of 12 and 16?
4
What is the greatest common factor of 10 and 4010?
10
What is the greatest common factor of 1541 and 161?
23
What is the greatest common factor of 1280 and 20?
20
What is the highest common factor of 6177 and 87?
87
Calculate the highest common factor of 986 and 754.
58
What is the highest common factor of 36 and 15?
3
Calculate the highest common divisor of 32 and 736.
32
Calculate the highest common factor of 3033 and 27.
9
What is the greatest common factor of 208 and 6214?
26
Calculate the greatest common factor of 1368 and 32.
8
What is the highest common divisor of 531 and 59?
59
What is the greatest common factor of 506 and 92?
46
Calculate the greatest common factor of 195 and 1833.
39
Calculate the greatest common factor of 18 and 174.
6
Calculate the highest common divisor of 14 and 133.
7
What is the greatest common factor of 5024 and 288?
32
What is the greatest common divisor of 649 and 275?
11
What is the greatest common divisor of 135 and 315?
45
What is the greatest common factor of 230 and 5?
5
Calculate the highest common divisor of 30 and 20.
10
What is the greatest common factor of 1467 and 9?
9
What is the greatest common factor of 234 and 2327?
13
What is the highest common factor of 531 and 36?
9
What is the greatest common divisor of 13 and 1066?
13
What is the greatest common divisor of 7 and 117?
1
What is the greatest common divisor of 603 and 8241?
201
What is the greatest common divisor of 248 and 64?
8
Calculate the greatest common factor of 4 and 1188.
4
Calculate the highest common factor of 1157 and 26.
13
What is the greatest common factor of 1430 and 143?
143
What is the greatest common factor of 74 and 4958?
74
Calculate the greatest common factor of 16 and 3728.
16
What is the greatest common factor of 75 and 17?
1
What is the highest common divisor of 11080 and 80?
40
Calculate the highest common factor of 2028 and 1092.
156
Calculate the greatest common factor of 303 and 1919.
101
What is the greatest common factor of 1182 and 24?
6
What is the greatest common factor of 1308 and 84?
12
Calculate the highest common factor of 95 and 114.
19
What is the greatest common factor of 12288 and 96?
96
What is the greatest common divisor of 2163 and 42?
21
What is the highest common divisor of 20 and 1280?
20
Calculate the highest common divisor of 4960 and 480.
160
Calculate the highest common divisor of 187 and 341.
11
Calculate the highest common factor of 15 and 17250.
15
Calculate the highest common divisor of 13 and 3991.
13
What is the greatest common factor of 172 and 